{"version":"1.0","provider_name":"Global Projects","provider_url":"https:\/\/www.global-projects.es\/en\/","author_name":"Global-projects","author_url":"https:\/\/www.global-projects.es\/en\/author\/whiterabbit\/","title":"Reforma integral MH Gran Via de les Corts Catalanes - Global Projects","type":"rich","width":600,"height":338,"html":"<blockquote class=\"wp-embedded-content\" data-secret=\"GYpg192p12\"><a href=\"https:\/\/www.global-projects.es\/en\/project\/reforma-gran-via-corts-catalanes\/\">Reforma integral MH Gran Via de les Corts Catalanes<\/a><\/blockquote><iframe sandbox=\"allow-scripts\" security=\"restricted\" src=\"https:\/\/www.global-projects.es\/en\/project\/reforma-gran-via-corts-catalanes\/embed\/#?secret=GYpg192p12\" width=\"600\" height=\"338\" title=\"&#8220;Reforma integral MH Gran Via de les Corts Catalanes&#8221; &#8212; Global Projects\" data-secret=\"GYpg192p12\" frameborder=\"0\" marginwidth=\"0\" marginheight=\"0\" scrolling=\"no\" class=\"wp-embedded-content\"><\/iframe><script type=\"text\/javascript\">\n\/* <![CDATA[ *\/\n\/*! This file is auto-generated *\/\n!function(d,l){\"use strict\";l.querySelector&&d.addEventListener&&\"undefined\"!=typeof URL&&(d.wp=d.wp||{},d.wp.receiveEmbedMessage||(d.wp.receiveEmbedMessage=function(e){var t=e.data;if((t||t.secret||t.message||t.value)&&!\/[^a-zA-Z0-9]\/.test(t.secret)){for(var s,r,n,a=l.querySelectorAll('iframe[data-secret=\"'+t.secret+'\"]'),o=l.querySelectorAll('blockquote[data-secret=\"'+t.secret+'\"]'),c=new RegExp(\"^https?:$\",\"i\"),i=0;i<o.length;i++)o[i].style.display=\"none\";for(i=0;i<a.length;i++)s=a[i],e.source===s.contentWindow&&(s.removeAttribute(\"style\"),\"height\"===t.message?(1e3<(r=parseInt(t.value,10))?r=1e3:~~r<200&&(r=200),s.height=r):\"link\"===t.message&&(r=new URL(s.getAttribute(\"src\")),n=new URL(t.value),c.test(n.protocol))&&n.host===r.host&&l.activeElement===s&&(d.top.location.href=t.value))}},d.addEventListener(\"message\",d.wp.receiveEmbedMessage,!1),l.addEventListener(\"DOMContentLoaded\",function(){for(var e,t,s=l.querySelectorAll(\"iframe.wp-embedded-content\"),r=0;r<s.length;r++)(t=(e=s[r]).getAttribute(\"data-secret\"))||(t=Math.random().toString(36).substring(2,12),e.src+=\"#?secret=\"+t,e.setAttribute(\"data-secret\",t)),e.contentWindow.postMessage({message:\"ready\",secret:t},\"*\")},!1)))}(window,document);\n\/\/# sourceURL=https:\/\/www.global-projects.es\/wp-includes\/js\/wp-embed.min.js\n\/* ]]> *\/\n<\/script>\n","thumbnail_url":"https:\/\/www.global-projects.es\/wp-content\/uploads\/2020\/03\/Reforma-integral-MH-Gran-Via-de-les-Corts-Catalanes-19.jpg","thumbnail_width":1200,"thumbnail_height":782,"description":"[et_pb_section fb_built=&#8221;1&#8243; _builder_version=&#8221;3.22.5&#8243; custom_padding=&#8221;60px||&#8221;][et_pb_row _builder_version=&#8221;3.25&#8243;][et_pb_column type=&#8221;4_4&#8243; _builder_version=&#8221;3.25&#8243; custom_padding=&#8221;|||&#8221; custom_padding__hover=&#8221;|||&#8221;][et_pb_post_title meta=&#8221;off&#8221; featured_image=&#8221;off&#8221; _builder_version=&#8221;3.22.5&#8243;][\/et_pb_post_title][et_pb_gallery gallery_ids=&#8221;106,7868,7871,7874,7877,7880,7883,7886,7889,7892,7895,7898,7901,7904,7907,7910,7913,7916,7919,7922,7925,7928,7931,7934,7937,7940,7943,7946,7949,7952,7955,7958,7961,7964,7967&#8243; posts_number=&#8221;21&#8243; show_title_and_caption=&#8221;off&#8221; show_pagination=&#8221;off&#8221; module_class=&#8221;three-column-grid&#8221; _builder_version=&#8221;4.4.2&#8243;][\/et_pb_gallery][\/et_pb_column][\/et_pb_row][et_pb_row column_structure=&#8221;2_3,1_3&#8243; _builder_version=&#8221;3.25&#8243;][et_pb_column type=&#8221;2_3&#8243; _builder_version=&#8221;3.25&#8243; custom_padding=&#8221;|||&#8221; custom_padding__hover=&#8221;|||&#8221;][et_pb_text _builder_version=&#8221;3.27.4&#8243;] El proyecto &nbsp; La ejecuci\u00f3n La elegancia del blanco marfil.\u00a0Esta es una de esas viviendas que encantan a los barceloneses, que encantan nada m\u00e1s entrar. Restauraci\u00f3n de techos altos, reubicaci\u00f3n [&hellip;]"}

[et_pb_section fb_built=&#8221;1&#8243; _builder_version=&#8221;3.22.5&#8243; custom_padding=&#8221;60px||&#8221;][et_pb_row _builder_version=&#8221;3.25&#8243;][et_pb_column type=&#8221;4_4&#8243; _builder_version=&#8221;3.25&#8243; custom_padding=&#8221;|||&#8221; custom_padding__hover=&#8221;|||&#8221;][et_pb_post_title meta=&#8221;off&#8221; featured_image=&#8221;off&#8221; _builder_version=&#8221;3.22.5&#8243;][/et_pb_post_title][et_pb_gallery gallery_ids=&#8221;106,7868,7871,7874,7877,7880,7883,7886,7889,7892,7895,7898,7901,7904,7907,7910,7913,7916,7919,7922,7925,7928,7931,7934,7937,7940,7943,7946,7949,7952,7955,7958,7961,7964,7967&#8243; posts_number=&#8221;21&#8243; show_title_and_caption=&#8221;off&#8221; show_pagination=&#8221;off&#8221; module_class=&#8221;three-column-grid&#8221; _builder_version=&#8221;4.4.2&#8243;][/et_pb_gallery][/et_pb_column][/et_pb_row][et_pb_row column_structure=&#8221;2_3,1_3&#8243; _builder_version=&#8221;3.25&#8243;][et_pb_column type=&#8221;2_3&#8243; _builder_version=&#8221;3.25&#8243; custom_padding=&#8221;|||&#8221; custom_padding__hover=&#8221;|||&#8221;][et_pb_text _builder_version=&#8221;3.27.4&#8243;] El proyecto &nbsp; La ejecución La elegancia del blanco marfil. Esta es una de esas viviendas que encantan a los barceloneses, que encantan nada más entrar. Restauración de techos altos, reubicación [&hellip;]
